-184. What is the tens digit of h?
6
Let f be 2/(-9) + (-56)/(-9). Suppose 0*y + f = 3*y. What is the units digit of y?
2
Suppose 12 = 4*k - 2*i, -5*k + 4*i = -i - 10. Let a(b) = b**2 - 5*b. Let c be a(k). Let n = c + 20. What is the tens digit of n?
1
Suppose -5*r = -0*r + g - 445, -356 = -4*r + g. What is the units digit of r?
9
Let t(n) = 3*n**2 - 2*n**2 - 3*n**2 - 4 + n**2 - 9*n. What is the units digit of t(-5)?
6
Suppose 4*n - 3*p = -25 + 93, 0 = n - p - 18. Suppose 5*h - 27 = -c - 2*c, 2*h - n = -2*c. What is the units digit of c?
4
Suppose 0 = 3*n - 12 - 3. Suppose 3*i + 16 = 2*o - 13, -2*o = n*i - 69. What is the tens digit of o?
2
Let y(u) = -2*u. Let p be y(-1). Suppose -5*d = -p*r - 0*d + 23, 5*r - 42 = -3*d. What is the units digit of r?
9
Let v = -57 + 76. What is the units digit of v?
9
Suppose -2*a + 27 = 63. What is the units digit of (-9)/4*192/a?
4
Suppose 0 = -6*i - 3 + 381. What is the units digit of i?
3
Suppose 6*d = 198 + 204. What is the tens digit of d?
6
Let o be (-3)/2*(-6)/(-9). What is the units digit of 7/3 + o/3?
2
Let g(y) = 23*y - 5. What is the units digit of g(4)?
7
Let b = 3 - 1. Suppose -q - 22 = 3*h, -4*h + b*q = h + 55. What is the units digit of (h/(-6))/((-3)/(-8))?
4
Let x(u) = 4*u - 24. What is the units digit of x(12)?
4
Suppose 3*q - 6*q - 12 = 0. Let l = 10 + q. What is the units digit of l?
6
Suppose -4*t - 3*v + 24 = 0, t = -0*v + 2*v - 5. Suppose t*j - 2*s = 14, -4*j = -s + 4*s - 13. Suppose -k + j = -2. What is the units digit of k?
6
Let m(i) = -2*i - 3. Let h be m(-6). Let p be (324/(-20))/(-3) - (-2)/(-5). Let t = h - p. What is the units digit of t?
4
Let s = 0 + 3. Suppose 0 = t - 2 - s. Let a = 12 - t. What is the units digit of a?
7
Let j(r) = -r**2 + 3*r. Let d be j(3). What is the tens digit of (31 - 0/(-2)) + d?
3
Let a be 48 - -1*(-1 + 1). Suppose -o + 2*y = 4*o - 69, -4*o - 2*y = -a. What is the tens digit of o?
1
Let t be -4*(-6)/8 - -427. What is the units digit of 6/(-21) + t/35?
2
Suppose 5*z = -0*g - g + 35, -5*z = -5*g + 85. Let i = -12 + g. What is the units digit of i?
8
Let s = -71 - -120. What is the units digit of s?
9
Suppose 5*a = 5*z - 45, -4*z - 3*a + 7 = -1. Let w(u) = -u**2 + 5*u + 4. What is the units digit of w(z)?
4
Suppose 0 = -3*v - 0*v + 1191. What is the hundreds digit of v?
3
Let z be (-36)/30*(-10)/(-4). Let k be ((-15)/(-3) - 0) + z. What is the units digit of -1 - (-1)/(k/6)?
2
Let t = 108 + -32. What is the tens digit of t?
7
Suppose 0 = 2*w + 5 + 11. Let v = 16 + w. What is the units digit of v?
8
Suppose 3*i - 79 = 86. What is the tens digit of i?
5
Let f be (-2 - 10/6)*3. Let n = 73 - 52. Let y = f + n. What is the units digit of y?
0
Let k = 1 - -1. What is the units digit of (5 + k - 1)*1?
6
Let h = -290 + 406. What is the hundreds digit of h?
1
Let o = -234 + 441. What is the units digit of o?
7
Let g be (-12)/(-18) + (-22)/(-3). Let b be (-2)/g + 412/(-16). Let v = b + 37. What is the units digit of v?
1
Let v be 3531/21 - 2/14. Suppose -5*k + 4*l = -2*k - 126, -v = -4*k + 5*l. What is the units digit of k?
2
Suppose -3*a - 10*a = -1586. What is the units digit of a?
2
Let b(j) = j**2 + 7*j + 6. Let k be b(-7). Let p(x) = -x**2 + 7*x - 2. What is the units digit of p(k)?
4
Let j(z) = z**3 - 5*z**2 + 2*z - 3. Let p be j(5). Suppose -2*q = -q + 2*s + 7, -2*s = -3*q + 11. Suppose -p = -v + q. What is the units digit of v?
8
Let f(o) = -o - 5. Let h be (-4)/6 + 57/(-9). Let l be f(h). Suppose l = 2*d - 0*d. What is the units digit of d?
1
Let x = -13 - -18. Suppose x*f - 3*f = 8. Let k = f - 3. What is the units digit of k?
1
Let s(o) = 2*o**2 - 3*o**2 + o + 6 - 1. What is the units digit of s(0)?
5
Let o = -11 - -27. Suppose 5*k = 4 + o. What is the units digit of -2*(3 - (k + 1))?
4
Let a(k) = -k - 4. Let r be a(-4). Let i be (-4)/6 - 24/(-9). Suppose -4*p + i*y - y + 18 = r, 21 = 3*p + 3*y. What is the units digit of p?
5
Suppose -25*o + 56 = -23*o. What is the units digit of o?
8
Suppose n = -3*s - 1 + 5, 2*s - 2*n = 8. Let z(f) = -2 - 3*f + 4*f + f**3 + f. What is the tens digit of z(s)?
1
Suppose -2 = -4*i + 10. What is the units digit of i?
3
Let j = -41 + 96. What is the units digit of j?
5
Suppose 4*o + 11 - 3 = 0. Let r be (-3 + 3 - o)*2. Suppose -3*p - 83 = -r*k, -4*k - 10 + 89 = p. What is the tens digit of k?
2
Suppose -x + 180 = -99. What is the hundreds digit of x?
2
Let i be ((-5)/10)/(1/(-2)). Let b = 19 - i. Suppose -b = -2*g - 0*g. What is the units digit of g?
9
Let h(i) = -i**3 + 8*i**2 - 8*i - 14. Let a(v) = -v**3 + 7*v**2 - 7*v - 15. Let j(y) = 5*a(y) - 6*h(y). What is the units digit of j(12)?
1
Let y be (-1 + 2)*19 + 3. What is the tens digit of 1/(-2 - (-46)/y)?
1
Let y = 32 + 6. What is the tens digit of y?
3
Suppose -222 = -9*j + 4*j + r, -3*r = 3*j - 126. What is the tens digit of j?
4
Let t(s) = -s**2 - 6*s - 3. Let i be t(-5). Let l = 3 + i. Suppose -2 = d + 3*y, -5*y + y - 9 = -l*d. What is the units digit of d?
1
Suppose -9 - 27 = 4*f. Let j = 14 + f. What is the units digit of j?
5
Let z(l) = 5*l**2 + 2*l - 2. Let r be z(-2). Suppose 4*s - 3*g = r, 12 = 3*s - g - 2*g. Suppose 27 = s*m + p, m + 21 = 2*m - 2*p. What is the units digit of m?
5
Let t(u) = 12*u - 13. What is the units digit of t(3)?
3
What is the tens digit of (-1257)/(-5) - (0 + (-8)/(-20))?
5
Let p(l) = 44*l**3 + l**2 + l - 1. What is the tens digit of p(1)?
4
Suppose 3*s + 4 = -4*o, -5*o - 7 + 2 = s. Let n = s + 14. What is the tens digit of n?
1
Suppose 2*g - 272 + 6 = 0. What is the hundreds digit of g?
1
Let l(z) = -z - 1. Let x be l(-1). Suppose 5*s - s - 4 = x. What is the units digit of s?
1
Let y(b) = -7*b**3 - 4*b + 8*b**3 + b**2 - 5 - 4*b**2 + 1. What is the units digit of y(5)?
6
Suppose 10*u - 292 - 718 = 0. What is the units digit of u?
1
Let o(z) = -z + 1. Let l be o(-3). Suppose d = 5*h - 63, l*h - 3*h = 4*d + 5. What is the tens digit of h?
1
Let l = -20 - -31. What is the units digit of l?
1
Let i = 9 - 7. Let r = 19 - i. What is the units digit of r?
7
Let x = 92 - 54. What is the tens digit of x?
3
Let u(p) = 3*p**3 - p**2 + p. What is the units digit of u(1)?
3
Suppose y - 3*z = 20, 5*y - y - 3*z = 89. What is the tens digit of y?
2
Let n(o) = -o + 10. What is the tens digit of n(-10)?
2
Let j(c) = -5*c**3 + 11*c**2 + 20*c + 31. Let k(t) = -2*t**3 + 6*t**2 + 10*t + 15. Let b(w) = 3*j(w) - 7*k(w). What is the units digit of b(-8)?
4
Let s(k) = k**2 + 11*k + 13. Suppose o - 6 = 4*v, -o + v - 6*v - 30 = 0. Let d be s(o). Suppose 0 = q, 4*q - 2 = 2*f - d*f. What is the units digit of f?
2
Let a = 11 + -7. Let w(i) = 2*i - 5. Let d be w(3). What is the units digit of a - (d + (-4)/2)?
5
Suppose 0 = -0*z + 5*z + 40. Suppose -3*a + 10 + 32 = 0. Let v = a + z. What is the units digit of v?
6
Suppose -2*i - 25 = -225. What is the tens digit of i?
0
Let k = 59 + -57. What is the units digit of k?
2
Let x be ((-34)/(-4))/(4/8). Let p = x - 8. Suppose 0 = -2*s + 3*s - p. What is the units digit of s?
9
Suppose -5*k = -5, -f - 2*k + 54 = 2*k. What is the units digit of f?
0
Let g(y) = 2*y**2 - y + 2. Let l be 2*(-1 - 5/(-2)). Let d be g(l). Let b = d - 8. What is the units digit of b?
9
Suppose -20 = -5*g, -4*v + 11 + 149 = 4*g. Suppose 0 = 4*k + v - 96. What is the tens digit of k?
1
Let v(o) = 16*o**2 - 4*o + 2. What is the units digit of v(1)?
4
Suppose g - 472 = -2*k + 3*g, -2*k + 475 = -3*g. What is the hundreds digit of k?
2
What is the units digit of (-137 - -3)/(-1) + (-12)/4?
1
Let a = 80 - -44. What is the units digit of a?
4
What is the tens digit of -132*(-4)/(-3)*(-18)/32?
9
Let p(k) = -3*k - 4. Let j be p(-3). Suppose 0 = -4*g - 2*b + 22, 0*g + 35 = 5*g - j*b. What is the units digit of g?
6
Let f = 91 + 18. What is the hundreds digit of f?
1
Let h(u) = u**2 + u - 1. What is the tens digit of h(4)?
1
Let n = 2 - 5. What is the units digit of 2/(-6)*n + 6?
7
Let t be 18/4*(-224)/(-21). Let f = t - 24. Suppose -2*c + 65 - 13 = 3*b, -f = -b - 2*c. What is the units digit of b?
4
Suppose -4*m + 4 = -12. Suppose -4*q - 5*n = 25, -2*q - 3*n - 15 = 3*q. Suppose q = 4*a - m - 36. What is the tens digit of a?
1
Let n(t) = -3*t**3 + 2*t. Let s = -4 - -2. Let p be n(s). Suppose -5*u + u = x - 24, 4*u = -2*x + p. What is the units digit of